{"id":870,"date":"2018-08-29T16:08:18","date_gmt":"2018-08-29T19:08:18","guid":{"rendered":"https:\/\/isfd114-bue.infd.edu.ar\/sitio\/autoridades\/"},"modified":"2025-10-24T11:27:01","modified_gmt":"2025-10-24T14:27:01","slug":"autoridades","status":"publish","type":"page","link":"https:\/\/isfd114-bue.infd.edu.ar\/sitio\/autoridades\/","title":{"rendered":"Autoridades"},"content":{"rendered":"<h2 style=\"text-align: center;\"><u>Unidad Acad\u00e9mica \u00abJ.G. Tupac Amaru II\u00bb<\/u><\/h2>\n<h2><\/h2>\n<h2><u>I.S.F.D.T. Nro. 114<\/u><\/h2>\n<ul>\n<li><strong>Direcci\u00f3n de Unidad Acad\u00e9mica: <\/strong>Prof. Mar\u00eda de la Cruz Berenguer<\/li>\n<li><strong>Vicedirecci\u00f3n de Unidad Acad\u00e9mica:<\/strong> Prof. Alejandra Nu\u00f1ez<\/li>\n<li><strong>Secretar\u00eda de Unidad Acad\u00e9mica:<\/strong> Lic. Marcelo Marchegiani<\/li>\n<li><strong>Regente:<\/strong> Lic. Karina Mazzeo<\/li>\n<li><strong>Jefes de \u00c1rea:<\/strong> Lic.&nbsp; Beatriz Gonz\u00e1lez<\/li>\n<li><strong>Jefe de \u00c1rea:&nbsp;<\/strong>Prof. Diego Melchiori<\/li>\n<\/ul>\n<h2><\/h2>\n<h2><u>E.E.S. Nro. 21<\/u><\/h2>\n<ul>\n<li><strong>Direcci\u00f3n:<\/strong> Prof. Romina Oyola<\/li>\n<li><strong>Vicedirecci\u00f3n:<\/strong> Prof. Roberto Herrera<\/li>\n<li><strong>Vicedirecci\u00f3n: <\/strong>Prof. Sabrina Donosso<\/li>\n<li><strong>Secretar\u00eda:<\/strong>&nbsp; Prof. Alejandra Nu\u00f1ez &#8211; Prof. Miriam Maciel<\/li>\n<li><strong>Prosecreteria: <\/strong>Prof. Sergi Gabriela<\/li>\n<\/ul>\n<hr>\n<p><strong>Son funciones del Director\/a:<\/strong><\/p>\n<ul>\n<li>Representar oficialmente a la Instituci\u00f3n, dentro del \u00e1mbito de su competencia.<\/li>\n<li>Ser responsable de toda la gesti\u00f3n institucional.<\/li>\n<li>Convocar y presidir las reuniones de las diferentes actividades acad\u00e9micas.<\/li>\n<li>Supervisar la calidad y pertinencia de los saberes educativos impartidos en todos los \u00e1mbitos y turnos de la Instituci\u00f3n, aprobando en definitiva los proyectos de c\u00e1tedra anual y los programas de los espacios curriculares que en la Instituci\u00f3n se desarrollan.<\/li>\n<li>Promover y coordinar las relaciones intra e interinstitucionales.<\/li>\n<li>Suscribir las constancias que otorgue la instituci\u00f3n.<\/li>\n<li>Aprobar los horarios de funcionamiento acad\u00e9mico de los alumnos y profesores, constatando que se atiendan las necesidades del Servicio.<\/li>\n<li>Autorizar la conformaci\u00f3n de las mesas de ex\u00e1menes comunes y\/o especiales.<\/li>\n<li>Suscribir los t\u00edtulos, diplomas o certificados de estudios.<\/li>\n<li>Asesorar, cuando exista, a la Asociaci\u00f3n Cooperadora.<\/li>\n<\/ul>\n<p><strong>Son funciones del Secretario:<\/strong><\/p>\n<ul>\n<li>Recibir, dar tr\u00e1mite y realizar el control de la gesti\u00f3n de las cuestiones administrativas ante las autoridades competentes.<\/li>\n<li>Expedir constancias, dentro del \u00e1mbito de su competencia, de alumnos, de personal docente y administrativo de la Instituci\u00f3n.<\/li>\n<li>Confeccionar y avalar con su firma los t\u00edtulos, diplomas y certificados de estudios emitidos por la Instituci\u00f3n.<\/li>\n<\/ul>\n<p><strong>Son funciones del Prosecretario:<\/strong><\/p>\n<ul>\n<li>Colaborar con las autoridades Institucionales y el Secretario del Servicio en lo atinente a las tareas de: recibir, dar tr\u00e1mite, realizar el control de la gesti\u00f3n de las cuestiones administrativas ante las autoridades competentes.<\/li>\n<li>Organizar, conservar y supervisar los estados administrativos del Servicio.<\/li>\n<li>&nbsp;Organizar y mantener al d\u00eda el archivo activo y pasivo de la instituci\u00f3n, toda otra funci\u00f3n que determinen las autoridades de la Instituci\u00f3n, que guarden relaci\u00f3n con la naturaleza de su cargo y que coadyuven a brindar una mejor calidad en el Servicio Educativo.<\/li>\n<\/ul>\n<p><strong>Son funciones del Jefe de \u00c1rea:<\/strong><\/p>\n<ul>\n<li>Actuar como integrante del Equipo de Conducci\u00f3n, atendiendo las cuestiones vinculadas a los profesores y alumnos, conforme el \u00e1rea de su competencia.<\/li>\n<li>Considerar el proyecto de c\u00e1tedra anual y los programas de los espacios curriculares.<\/li>\n<li>Asesorar en las solicitudes de equivalencia en virtud de la normativa vigente.<\/li>\n<li>Asumir la atenci\u00f3n de las necesidades acad\u00e9micas de los alumnos que requieran atenci\u00f3n espec\u00edfica.<\/li>\n<\/ul>\n<p><strong>&nbsp;Son funciones del Profesor:<\/strong><\/p>\n<ul>\n<li>Desarrollar el espacio curricular a su cargo de acuerdo con las exigencias cient\u00edficas y metodol\u00f3gicas, propias de la ense\u00f1anza superior.<\/li>\n<li>Presentar al jefe de \u00e1rea o a las autoridades institucionales el proyecto de c\u00e1tedra y programa de c\u00e1tedra en un plazo no mayor a los veinte (20) d\u00edas corridos de iniciadas las clases.<\/li>\n<li>Entregar a los alumnos el proyecto de c\u00e1tedra y programa en un plazo no mayor a los treinta (30) d\u00edas corridos de iniciadas las clases.<\/li>\n<li>Registrar la actuaci\u00f3n acad\u00e9mica de los alumnos.<\/li>\n<li>Proporcionar a los alumnos la calificaci\u00f3n cuatrimestral en tiempo y forma<\/li>\n<li>Aprobar o desestimar la solicitud de equivalencias efectuada por los alumnos, dejando constancia de su otorgamiento en el libro respectivo.<\/li>\n<\/ul>\n<p><strong>Son funciones del Fonoaudi\u00f3logo:<\/strong><\/p>\n<ul>\n<li>Diagnosticar la situaci\u00f3n de los ingresantes con relaci\u00f3n a su competencia.<\/li>\n<li>Elaborar criterios, en acuerdo con los integrantes del equipo docente, para la planificaci\u00f3n de actividades referidas al uso de la voz, la respiraci\u00f3n, la adquisici\u00f3n del lenguaje y otras tem\u00e1ticas pertinentes.<\/li>\n<li>Derivar para tratamiento los casos que no puedan tener respuesta institucional.<\/li>\n<li>Expedir la aptitud fonoaudiol\u00f3gica y registrarla.<\/li>\n<\/ul>\n<p><strong>Son funciones del Preceptor:<\/strong><\/p>\n<ul>\n<li>Asesora a los alumnos sobre las diferentes cuestiones acad\u00e9micas y administrativas que le competen.<\/li>\n<\/ul>\n<p><strong>Son funciones del Bibliotecario:<\/strong><\/p>\n<ul>\n<li>Atender diariamente la biblioteca del establecimiento en un turno completo.<\/li>\n<li>Implementar un sistema de pr\u00e9stamo y consulta que permita el acceso al material del mayor n\u00famero posible de lectores.<\/li>\n<\/ul>\n<p><strong>Son funciones del Personal Auxiliar:<\/strong><\/p>\n<ul>\n<li>Proveer a la conservaci\u00f3n e higiene del edificio, mobiliario y material del establecimiento.<\/li>\n<\/ul>\n<hr>\n<h1 style=\"text-align: center;\" align=\"center\"><u><span style=\"font-family: 'Times New Roman',serif;\">El Consejo Acad\u00e9mico Institucional<\/span><\/u><\/h1>\n<p style=\"text-align: center;\">Es un \u00f3rgano de consulta permanente de la Direcci\u00f3n del Instituto, en todos los aspectos relacionados con la gesti\u00f3n del mismo.<\/p>\n<p style=\"text-align: center;\">Est\u00e1 integrado por profesores y alumnos, y presidido por la Directora de la Unidad Acad\u00e9mica.<\/p>\n<p style=\"text-align: center;\">En el \u00e1mbito del CAI se tratan, entre otros temas, los relativos a:<\/p>\n<ul style=\"text-align: justify;\">\n<li>cuestiones de convivencia;<\/li>\n<li>turnos de ex\u00e1menes y nro. de llamados por turno;<\/li>\n<li>evaluaci\u00f3n de propuestas para la cobertura de Espacios Curriculares que requieran tratamiento dentro del CAI, como en el caso de los EDI (Espacios de Definici\u00f3n Institucional);<\/li>\n<li>convocatoria a personas que se consideren oportunas para resolver un problema particular;<\/li>\n<li>irregularidades en el desarrollo normal de los procesos de ense\u00f1anza-aprendizaje y de evaluaci\u00f3n;<\/li>\n<li>toda otra cuesti\u00f3n que se acerque al Consejo para su tratamiento.<\/li>\n<\/ul>\n<p style=\"text-align: center;\">&nbsp;&nbsp;El <strong>CAI<\/strong> es un <strong>\u00d3RGANO DE DEMOCRATIZACI\u00d3N<\/strong> del Instituto:<\/p>\n<p style=\"text-align: center;\"><strong>no s\u00f3lo el Director decide. <\/strong><\/p>\n<p style=\"text-align: center;\">Los docentes y los alumnos tienen la posibilidad de participar en la toma de decisiones de la gesti\u00f3n Institucional a trav\u00e9s de los representantes de las distintas Carreras, tanto Docentes como T\u00e9cnicas.<\/p>\n<p style=\"text-align: center;\">Por eso, <strong><span style=\"text-decoration: underline;\">tu participaci\u00f3n es muy importante.<\/span><\/strong><\/p>\n<h2><\/h2>\n","protected":false},"excerpt":{"rendered":"<p>Unidad Acad\u00e9mica \u00abJ.G. Tupac Amaru II\u00bb I.S.F.D.T. Nro. 114 Direcci\u00f3n de Unidad Acad\u00e9mica: Prof. Mar\u00eda de la Cruz Berenguer Vicedirecci\u00f3n de Unidad Acad\u00e9mica: Prof. Alejandra Nu\u00f1ez Secretar\u00eda de Unidad Acad\u00e9mica: Lic. Marcelo Marchegiani Regente: Lic. Karina Mazzeo Jefes de \u00c1rea: Lic.&nbsp; Beatriz Gonz\u00e1lez Jefe de \u00c1rea:&nbsp;Prof. Diego Melchiori E.E.S. Nro. 21 Direcci\u00f3n: Prof. Romina Oyola &#8230; <a title=\"Autoridades\" class=\"read-more\" href=\"https:\/\/isfd114-bue.infd.edu.ar\/sitio\/autoridades\/\" aria-label=\"More on Autoridades\">[+]<\/a><\/p>\n","protected":false},"author":1569,"featured_media":0,"parent":0,"menu_order":0,"comment_status":"closed","ping_status":"closed","template":"","meta":[],"acf":[],"_links":{"self":[{"href":"https:\/\/isfd114-bue.infd.edu.ar\/sitio\/wp-json\/wp\/v2\/pages\/870"}],"collection":[{"href":"https:\/\/isfd114-bue.infd.edu.ar\/sitio\/wp-json\/wp\/v2\/pages"}],"about":[{"href":"https:\/\/isfd114-bue.infd.edu.ar\/sitio\/wp-json\/wp\/v2\/types\/page"}],"author":[{"embeddable":true,"href":"https:\/\/isfd114-bue.infd.edu.ar\/sitio\/wp-json\/wp\/v2\/users\/1569"}],"replies":[{"embeddable":true,"href":"https:\/\/isfd114-bue.infd.edu.ar\/sitio\/wp-json\/wp\/v2\/comments?post=870"}],"version-history":[{"count":24,"href":"https:\/\/isfd114-bue.infd.edu.ar\/sitio\/wp-json\/wp\/v2\/pages\/870\/revisions"}],"predecessor-version":[{"id":2486,"href":"https:\/\/isfd114-bue.infd.edu.ar\/sitio\/wp-json\/wp\/v2\/pages\/870\/revisions\/2486"}],"wp:attachment":[{"href":"https:\/\/isfd114-bue.infd.edu.ar\/sitio\/wp-json\/wp\/v2\/media?parent=870"}],"curies":[{"name":"wp","href":"https:\/\/api.w.org\/{rel}","templated":true}]}}